{"id":1024,"date":"2020-01-16T15:37:24","date_gmt":"2020-01-16T13:37:24","guid":{"rendered":"http:\/\/newphoxstudio.fr\/?page_id=1024"},"modified":"2020-07-02T14:53:54","modified_gmt":"2020-07-02T12:53:54","slug":"home-2","status":"publish","type":"page","link":"https:\/\/newphoxstudio.fr\/","title":{"rendered":"Home"},"content":{"rendered":"<p><div class=\"fusion-fullwidth fullwidth-box nonhundred-percent-fullwidth non-hundred-percent-height-scrolling\"  style='background-color: rgba(255,255,255,0);background-position: center center;background-repeat: no-repeat;padding-top:0px;padding-right:0px;padding-bottom:0px;padding-left:0px;margin-bottom: 40px;'><div class=\"fusion-builder-row fusion-row \"><div  class=\"fusion-layout-column fusion_builder_column fusion_builder_column_1_1 fusion-builder-column-1 fusion-one-full fusion-column-first fusion-column-last 1_1\"  style='margin-top:0px;margin-bottom:40px;'>\n\t\t\t\t\t<div class=\"fusion-column-wrapper\" style=\"padding: 0px 0px 0px 0px;background-position:left top;background-repeat:no-repeat;-webkit-background-size:cover;-moz-background-size:cover;-o-background-size:cover;background-size:cover;\"   data-bg-url=\"\">\n\t\t\t\t\t\t<div class=\"fusion-text\"><p class=\"p1\" style=\"text-align: justify;\"><span class=\"s1\">Depuis plus de 20 ans, nous sommes une agence sp\u00e9cialis\u00e9e dans le tourisme et les loisirs. Fort de notre r\u00e9seau national, nous intervenons partout en France et nous vous proposons des solutions personnalis\u00e9es.<\/span><\/p>\n<p>Nos collaborateurs sont tous des sp\u00e9cialistes de l\u2019image, de v\u00e9ritables experts. Nous mettons tout notre savoir-faire, notre exp\u00e9rience \u00e0 votre service.<\/p>\n<h4>R\u00e9compense:<strong> \u00ab\u00a0ELUE MEILLEURE AGENCE PHOTO TOURISME 2019\u00a0\u00bb<\/strong><\/h4>\n<\/div><div class=\"fusion-clearfix\"><\/div>\n\n\t\t\t\t\t<\/div>\n\t\t\t\t<\/div><\/div><\/div><div class=\"fusion-fullwidth fullwidth-box nonhundred-percent-fullwidth non-hundred-percent-height-scrolling\"  style='background-color: rgba(255,255,255,0);background-position: center center;background-repeat: no-repeat;padding-top:0px;padding-right:0px;padding-bottom:0px;padding-left:0px;'><div class=\"fusion-builder-row fusion-row \"><div  class=\"fusion-layout-column fusion_builder_column fusion_builder_column_1_1 fusion-builder-column-2 fusion-one-full fusion-column-first fusion-column-last 1_1\"  style='margin-top:0px;margin-bottom:0px;'>\n\t\t\t\t\t<div class=\"fusion-column-wrapper\" style=\"padding: 0px 0px 0px 0px;background-position:left top;background-repeat:no-repeat;-webkit-background-size:cover;-moz-background-size:cover;-o-background-size:cover;background-size:cover;\"   data-bg-url=\"\">\n\t\t\t\t\t\t<style type=\"text\/css\">.fusion-portfolio-wrapper#fusion-portfolio-1 .fusion-portfolio-content{ padding: 25px 25px 25px 25px; text-align: center; }<\/style><div class=\"fusion-recent-works fusion-portfolio-element fusion-portfolio fusion-portfolio-1 fusion-portfolio-grid fusion-portfolio-paging-none fusion-portfolio-three fusion-portfolio-boxed fusion-portfolio-text fusion-portfolio-rollover\" data-id=\"-rw-1\" data-columns=\"three\"><style type=\"text\/css\">.fusion-portfolio-1 .fusion-portfolio-wrapper .fusion-col-spacing{padding:8.5px;}<\/style><div class=\"fusion-portfolio-wrapper\" id=\"fusion-portfolio-1\" data-picturesize=\"auto\" data-pages=\"1\" style=\"margin:-8.5px;\"><article id=\"portfolio-1-post-136\" class=\"fusion-portfolio-post culture thematiques fusion-col-spacing post-136\"><div class=\"fusion-portfolio-content-wrapper\" style=\"border:1px solid #212326;border-bottom-width:3px;background-color:rgba(33,35,38,1);\"><span class=\"vcard rich-snippet-hidden\"><span class=\"fn\"><a href=\"https:\/\/newphoxstudio.fr\/index.php\/author\/seritech\/\" title=\"Articles par Seritech\" rel=\"author\">Seritech<\/a><\/span><\/span><span class=\"updated rich-snippet-hidden\">2020-06-29T16:08:01+02:00<\/span>\n\n<div  class=\"fusion-image-wrapper\" aria-haspopup=\"true\">\n\t\n\t\n\t\t\n\t\t\t\t\t<img width=\"4256\" height=\"2827\" src=\"https:\/\/newphoxstudio.fr\/wp-content\/uploads\/2020\/03\/nps-voile-formation_t-400x266.jpg\" class=\"attachment-full size-full wp-post-image\" alt=\"\" decoding=\"async\" loading=\"lazy\" srcset=\"https:\/\/newphoxstudio.fr\/wp-content\/uploads\/2020\/03\/nps-voile-formation_t-200x133.jpg 200w, https:\/\/newphoxstudio.fr\/wp-content\/uploads\/2020\/03\/nps-voile-formation_t-400x266.jpg 400w, https:\/\/newphoxstudio.fr\/wp-content\/uploads\/2020\/03\/nps-voile-formation_t-600x399.jpg 600w, https:\/\/newphoxstudio.fr\/wp-content\/uploads\/2020\/03\/nps-voile-formation_t-800x531.jpg 800w, https:\/\/newphoxstudio.fr\/wp-content\/uploads\/2020\/03\/nps-voile-formation_t-1200x797.jpg 1200w, https:\/\/newphoxstudio.fr\/wp-content\/uploads\/2020\/03\/nps-voile-formation_t.jpg 4256w\" sizes=\"(min-width: 2200px) 100vw, (min-width: 1004px) 379px, (min-width: 822px) 568px, (min-width: 640px) 822px, \" \/>\n\t\n\n\t\t<div class=\"fusion-rollover\">\n\t<div class=\"fusion-rollover-content\">\n\n\t\t\t\t\n\t\t\t\t\n\t\t\t\t\t\t\t\t\t\t\t\t<h4 class=\"fusion-rollover-title\">\n\t\t\t\t\t<a href=\"https:\/\/newphoxstudio.fr\/index.php\/portfolio-items\/au-gre-des-saisons\/?portfolioCats=36\">\n\t\t\t\t\t\tAU GR\u00c9 DES SAISONS\t\t\t\t\t<\/a>\n\t\t\t\t<\/h4>\n\t\t\t\n\t\t\t\t\t\t\t\t\n\t\t\n\t\t\t\t<a class=\"fusion-link-wrapper\" href=\"https:\/\/newphoxstudio.fr\/index.php\/portfolio-items\/au-gre-des-saisons\/?portfolioCats=36\" aria-label=\"AU GR\u00c9 DES SAISONS\"><\/a>\n\t<\/div>\n<\/div>\n\n\t\n<\/div>\n<div class=\"fusion-portfolio-content\" style=\"background-color:rgba(33,35,38,1);\"><h2 class=\"entry-title fusion-post-title\"><a href=\"https:\/\/newphoxstudio.fr\/index.php\/portfolio-items\/au-gre-des-saisons\/?portfolioCats=36\">AU GR\u00c9 DES SAISONS<\/a><\/h2><div class=\"fusion-post-content\"><\/div><\/div><\/div><\/article><article id=\"portfolio-1-post-140\" class=\"fusion-portfolio-post thematiques fusion-col-spacing post-140\"><div class=\"fusion-portfolio-content-wrapper\" style=\"border:1px solid #212326;border-bottom-width:3px;background-color:rgba(33,35,38,1);\"><span class=\"vcard rich-snippet-hidden\"><span class=\"fn\"><a href=\"https:\/\/newphoxstudio.fr\/index.php\/author\/seritech\/\" title=\"Articles par Seritech\" rel=\"author\">Seritech<\/a><\/span><\/span><span class=\"updated rich-snippet-hidden\">2020-06-29T16:14:22+02:00<\/span>\n\n<div  class=\"fusion-image-wrapper\" aria-haspopup=\"true\">\n\t\n\t\n\t\t\n\t\t\t\t\t<img width=\"4256\" height=\"2827\" src=\"https:\/\/newphoxstudio.fr\/wp-content\/uploads\/2020\/03\/nps-vosges-ski-de-fond-400x266.jpg\" class=\"attachment-full size-full wp-post-image\" alt=\"\" decoding=\"async\" loading=\"lazy\" srcset=\"https:\/\/newphoxstudio.fr\/wp-content\/uploads\/2020\/03\/nps-vosges-ski-de-fond-200x133.jpg 200w, https:\/\/newphoxstudio.fr\/wp-content\/uploads\/2020\/03\/nps-vosges-ski-de-fond-400x266.jpg 400w, https:\/\/newphoxstudio.fr\/wp-content\/uploads\/2020\/03\/nps-vosges-ski-de-fond-600x399.jpg 600w, https:\/\/newphoxstudio.fr\/wp-content\/uploads\/2020\/03\/nps-vosges-ski-de-fond-800x531.jpg 800w, https:\/\/newphoxstudio.fr\/wp-content\/uploads\/2020\/03\/nps-vosges-ski-de-fond-1200x797.jpg 1200w, https:\/\/newphoxstudio.fr\/wp-content\/uploads\/2020\/03\/nps-vosges-ski-de-fond.jpg 4256w\" sizes=\"(min-width: 2200px) 100vw, (min-width: 1004px) 379px, (min-width: 822px) 568px, (min-width: 640px) 822px, \" \/>\n\t\n\n\t\t<div class=\"fusion-rollover\">\n\t<div class=\"fusion-rollover-content\">\n\n\t\t\t\t\n\t\t\t\t\n\t\t\t\t\t\t\t\t\t\t\t\t<h4 class=\"fusion-rollover-title\">\n\t\t\t\t\t<a href=\"https:\/\/newphoxstudio.fr\/index.php\/portfolio-items\/en-bonne-compagnie\/?portfolioCats=36\">\n\t\t\t\t\t\tEN BONNE COMPAGNIE\t\t\t\t\t<\/a>\n\t\t\t\t<\/h4>\n\t\t\t\n\t\t\t\t\t\t\t\t\n\t\t\n\t\t\t\t<a class=\"fusion-link-wrapper\" href=\"https:\/\/newphoxstudio.fr\/index.php\/portfolio-items\/en-bonne-compagnie\/?portfolioCats=36\" aria-label=\"EN BONNE COMPAGNIE\"><\/a>\n\t<\/div>\n<\/div>\n\n\t\n<\/div>\n<div class=\"fusion-portfolio-content\" style=\"background-color:rgba(33,35,38,1);\"><h2 class=\"entry-title fusion-post-title\"><a href=\"https:\/\/newphoxstudio.fr\/index.php\/portfolio-items\/en-bonne-compagnie\/?portfolioCats=36\">EN BONNE COMPAGNIE<\/a><\/h2><div class=\"fusion-post-content\"><\/div><\/div><\/div><\/article><article id=\"portfolio-1-post-148\" class=\"fusion-portfolio-post thematiques fusion-col-spacing post-148\"><div class=\"fusion-portfolio-content-wrapper\" style=\"border:1px solid #212326;border-bottom-width:3px;background-color:rgba(33,35,38,1);\"><span class=\"vcard rich-snippet-hidden\"><span class=\"fn\"><a href=\"https:\/\/newphoxstudio.fr\/index.php\/author\/seritech\/\" title=\"Articles par Seritech\" rel=\"author\">Seritech<\/a><\/span><\/span><span class=\"updated rich-snippet-hidden\">2020-06-29T16:17:45+02:00<\/span>\n\n<div  class=\"fusion-image-wrapper\" aria-haspopup=\"true\">\n\t\n\t\n\t\t\n\t\t\t\t\t<img width=\"4256\" height=\"2827\" src=\"https:\/\/newphoxstudio.fr\/wp-content\/uploads\/2015\/11\/nps-Est-Alsace_t-400x266.jpg\" class=\"attachment-full size-full wp-post-image\" alt=\"\" decoding=\"async\" loading=\"lazy\" srcset=\"https:\/\/newphoxstudio.fr\/wp-content\/uploads\/2015\/11\/nps-Est-Alsace_t-200x133.jpg 200w, https:\/\/newphoxstudio.fr\/wp-content\/uploads\/2015\/11\/nps-Est-Alsace_t-400x266.jpg 400w, https:\/\/newphoxstudio.fr\/wp-content\/uploads\/2015\/11\/nps-Est-Alsace_t-600x399.jpg 600w, https:\/\/newphoxstudio.fr\/wp-content\/uploads\/2015\/11\/nps-Est-Alsace_t-800x531.jpg 800w, https:\/\/newphoxstudio.fr\/wp-content\/uploads\/2015\/11\/nps-Est-Alsace_t-1200x797.jpg 1200w, https:\/\/newphoxstudio.fr\/wp-content\/uploads\/2015\/11\/nps-Est-Alsace_t.jpg 4256w\" sizes=\"(min-width: 2200px) 100vw, (min-width: 1004px) 379px, (min-width: 822px) 568px, (min-width: 640px) 822px, \" \/>\n\t\n\n\t\t<div class=\"fusion-rollover\">\n\t<div class=\"fusion-rollover-content\">\n\n\t\t\t\t\n\t\t\t\t\n\t\t\t\t\t\t\t\t\t\t\t\t<h4 class=\"fusion-rollover-title\">\n\t\t\t\t\t<a href=\"https:\/\/newphoxstudio.fr\/index.php\/portfolio-items\/french-touch\/?portfolioCats=36\">\n\t\t\t\t\t\tLA FRENCH TOUCH\t\t\t\t\t<\/a>\n\t\t\t\t<\/h4>\n\t\t\t\n\t\t\t\t\t\t\t\t\n\t\t\n\t\t\t\t<a class=\"fusion-link-wrapper\" href=\"https:\/\/newphoxstudio.fr\/index.php\/portfolio-items\/french-touch\/?portfolioCats=36\" aria-label=\"LA FRENCH TOUCH\"><\/a>\n\t<\/div>\n<\/div>\n\n\t\n<\/div>\n<div class=\"fusion-portfolio-content\" style=\"background-color:rgba(33,35,38,1);\"><h2 class=\"entry-title fusion-post-title\"><a href=\"https:\/\/newphoxstudio.fr\/index.php\/portfolio-items\/french-touch\/?portfolioCats=36\">LA FRENCH TOUCH<\/a><\/h2><div class=\"fusion-post-content\"><\/div><\/div><\/div><\/article><article id=\"portfolio-1-post-142\" class=\"fusion-portfolio-post thematiques fusion-col-spacing post-142\"><div class=\"fusion-portfolio-content-wrapper\" style=\"border:1px solid #212326;border-bottom-width:3px;background-color:rgba(33,35,38,1);\"><span class=\"vcard rich-snippet-hidden\"><span class=\"fn\"><a href=\"https:\/\/newphoxstudio.fr\/index.php\/author\/seritech\/\" title=\"Articles par Seritech\" rel=\"author\">Seritech<\/a><\/span><\/span><span class=\"updated rich-snippet-hidden\">2020-06-29T16:05:25+02:00<\/span>\n\n<div  class=\"fusion-image-wrapper\" aria-haspopup=\"true\">\n\t\n\t\n\t\t\n\t\t\t\t\t<img width=\"4256\" height=\"2827\" src=\"https:\/\/newphoxstudio.fr\/wp-content\/uploads\/2020\/03\/nps-campagne-riviere_t-400x266.jpg\" class=\"attachment-full size-full wp-post-image\" alt=\"\" decoding=\"async\" loading=\"lazy\" srcset=\"https:\/\/newphoxstudio.fr\/wp-content\/uploads\/2020\/03\/nps-campagne-riviere_t-200x133.jpg 200w, https:\/\/newphoxstudio.fr\/wp-content\/uploads\/2020\/03\/nps-campagne-riviere_t-400x266.jpg 400w, https:\/\/newphoxstudio.fr\/wp-content\/uploads\/2020\/03\/nps-campagne-riviere_t-600x399.jpg 600w, https:\/\/newphoxstudio.fr\/wp-content\/uploads\/2020\/03\/nps-campagne-riviere_t-800x531.jpg 800w, https:\/\/newphoxstudio.fr\/wp-content\/uploads\/2020\/03\/nps-campagne-riviere_t-1200x797.jpg 1200w, https:\/\/newphoxstudio.fr\/wp-content\/uploads\/2020\/03\/nps-campagne-riviere_t.jpg 4256w\" sizes=\"(min-width: 2200px) 100vw, (min-width: 1004px) 379px, (min-width: 822px) 568px, (min-width: 640px) 822px, \" \/>\n\t\n\n\t\t<div class=\"fusion-rollover\">\n\t<div class=\"fusion-rollover-content\">\n\n\t\t\t\t\n\t\t\t\t\n\t\t\t\t\t\t\t\t\t\t\t\t<h4 class=\"fusion-rollover-title\">\n\t\t\t\t\t<a href=\"https:\/\/newphoxstudio.fr\/index.php\/portfolio-items\/la-nature-dici-et-dailleurs\/?portfolioCats=36\">\n\t\t\t\t\t\tLA NATURE D&rsquo;ICI ET D&rsquo;AILLEURS\t\t\t\t\t<\/a>\n\t\t\t\t<\/h4>\n\t\t\t\n\t\t\t\t\t\t\t\t\n\t\t\n\t\t\t\t<a class=\"fusion-link-wrapper\" href=\"https:\/\/newphoxstudio.fr\/index.php\/portfolio-items\/la-nature-dici-et-dailleurs\/?portfolioCats=36\" aria-label=\"LA NATURE D&rsquo;ICI ET D&rsquo;AILLEURS\"><\/a>\n\t<\/div>\n<\/div>\n\n\t\n<\/div>\n<div class=\"fusion-portfolio-content\" style=\"background-color:rgba(33,35,38,1);\"><h2 class=\"entry-title fusion-post-title\"><a href=\"https:\/\/newphoxstudio.fr\/index.php\/portfolio-items\/la-nature-dici-et-dailleurs\/?portfolioCats=36\">LA NATURE D&rsquo;ICI ET D&rsquo;AILLEURS<\/a><\/h2><div class=\"fusion-post-content\"><\/div><\/div><\/div><\/article><article id=\"portfolio-1-post-138\" class=\"fusion-portfolio-post thematiques fusion-col-spacing post-138\"><div class=\"fusion-portfolio-content-wrapper\" style=\"border:1px solid #212326;border-bottom-width:3px;background-color:rgba(33,35,38,1);\"><span class=\"vcard rich-snippet-hidden\"><span class=\"fn\"><a href=\"https:\/\/newphoxstudio.fr\/index.php\/author\/seritech\/\" title=\"Articles par Seritech\" rel=\"author\">Seritech<\/a><\/span><\/span><span class=\"updated rich-snippet-hidden\">2020-06-29T16:17:11+02:00<\/span>\n\n<div  class=\"fusion-image-wrapper\" aria-haspopup=\"true\">\n\t\n\t\n\t\t\n\t\t\t\t\t<img width=\"4256\" height=\"2827\" src=\"https:\/\/newphoxstudio.fr\/wp-content\/uploads\/2020\/03\/nps-enfants-sports-deau-vive_t-400x266.jpg\" class=\"attachment-full size-full wp-post-image\" alt=\"\" decoding=\"async\" loading=\"lazy\" srcset=\"https:\/\/newphoxstudio.fr\/wp-content\/uploads\/2020\/03\/nps-enfants-sports-deau-vive_t-200x133.jpg 200w, https:\/\/newphoxstudio.fr\/wp-content\/uploads\/2020\/03\/nps-enfants-sports-deau-vive_t-400x266.jpg 400w, https:\/\/newphoxstudio.fr\/wp-content\/uploads\/2020\/03\/nps-enfants-sports-deau-vive_t-600x399.jpg 600w, https:\/\/newphoxstudio.fr\/wp-content\/uploads\/2020\/03\/nps-enfants-sports-deau-vive_t-800x531.jpg 800w, https:\/\/newphoxstudio.fr\/wp-content\/uploads\/2020\/03\/nps-enfants-sports-deau-vive_t-1200x797.jpg 1200w, https:\/\/newphoxstudio.fr\/wp-content\/uploads\/2020\/03\/nps-enfants-sports-deau-vive_t.jpg 4256w\" sizes=\"(min-width: 2200px) 100vw, (min-width: 1004px) 379px, (min-width: 822px) 568px, (min-width: 640px) 822px, \" \/>\n\t\n\n\t\t<div class=\"fusion-rollover\">\n\t<div class=\"fusion-rollover-content\">\n\n\t\t\t\t\n\t\t\t\t\n\t\t\t\t\t\t\t\t\t\t\t\t<h4 class=\"fusion-rollover-title\">\n\t\t\t\t\t<a href=\"https:\/\/newphoxstudio.fr\/index.php\/portfolio-items\/sportactivites\/?portfolioCats=36\">\n\t\t\t\t\t\tSPORTS &#038; ACTIVIT\u00c9S\t\t\t\t\t<\/a>\n\t\t\t\t<\/h4>\n\t\t\t\n\t\t\t\t\t\t\t\t\n\t\t\n\t\t\t\t<a class=\"fusion-link-wrapper\" href=\"https:\/\/newphoxstudio.fr\/index.php\/portfolio-items\/sportactivites\/?portfolioCats=36\" aria-label=\"SPORTS &#038; ACTIVIT\u00c9S\"><\/a>\n\t<\/div>\n<\/div>\n\n\t\n<\/div>\n<div class=\"fusion-portfolio-content\" style=\"background-color:rgba(33,35,38,1);\"><h2 class=\"entry-title fusion-post-title\"><a href=\"https:\/\/newphoxstudio.fr\/index.php\/portfolio-items\/sportactivites\/?portfolioCats=36\">SPORTS &#038; ACTIVIT\u00c9S<\/a><\/h2><div class=\"fusion-post-content\"><\/div><\/div><\/div><\/article><article id=\"portfolio-1-post-2021\" class=\"fusion-portfolio-post thematiques fusion-col-spacing post-2021\"><div class=\"fusion-portfolio-content-wrapper\" style=\"border:1px solid #212326;border-bottom-width:3px;background-color:rgba(33,35,38,1);\"><span class=\"vcard rich-snippet-hidden\"><span class=\"fn\"><a href=\"https:\/\/newphoxstudio.fr\/index.php\/author\/seritech\/\" title=\"Articles par Seritech\" rel=\"author\">Seritech<\/a><\/span><\/span><span class=\"updated rich-snippet-hidden\">2020-03-13T11:45:08+02:00<\/span>\n\n<div  class=\"fusion-image-wrapper\" aria-haspopup=\"true\">\n\t\n\t\n\t\t\n\t\t\t\t\t<img width=\"4256\" height=\"2821\" src=\"https:\/\/newphoxstudio.fr\/wp-content\/uploads\/2020\/03\/nps-mur-phototheque-2-400x265.jpg\" class=\"attachment-full size-full wp-post-image\" alt=\"\" decoding=\"async\" loading=\"lazy\" srcset=\"https:\/\/newphoxstudio.fr\/wp-content\/uploads\/2020\/03\/nps-mur-phototheque-2-200x133.jpg 200w, https:\/\/newphoxstudio.fr\/wp-content\/uploads\/2020\/03\/nps-mur-phototheque-2-400x265.jpg 400w, https:\/\/newphoxstudio.fr\/wp-content\/uploads\/2020\/03\/nps-mur-phototheque-2-600x398.jpg 600w, https:\/\/newphoxstudio.fr\/wp-content\/uploads\/2020\/03\/nps-mur-phototheque-2-800x530.jpg 800w, https:\/\/newphoxstudio.fr\/wp-content\/uploads\/2020\/03\/nps-mur-phototheque-2-1200x795.jpg 1200w, https:\/\/newphoxstudio.fr\/wp-content\/uploads\/2020\/03\/nps-mur-phototheque-2.jpg 4256w\" sizes=\"(min-width: 2200px) 100vw, (min-width: 1004px) 379px, (min-width: 822px) 568px, (min-width: 640px) 822px, \" \/>\n\t\n\n\t\t<div class=\"fusion-rollover\">\n\t<div class=\"fusion-rollover-content\">\n\n\t\t\t\t\n\t\t\t\t\n\t\t\t\t\t\t\t\t\t\t\t\t<h4 class=\"fusion-rollover-title\">\n\t\t\t\t\t<a href=\"https:\/\/newphoxstudio.fr\/index.php\/portfolio-items\/tous-les-photos\/?portfolioCats=36\">\n\t\t\t\t\t\tTOUTES LES PHOTOS\t\t\t\t\t<\/a>\n\t\t\t\t<\/h4>\n\t\t\t\n\t\t\t\t\t\t\t\t\n\t\t\n\t\t\t\t<a class=\"fusion-link-wrapper\" href=\"https:\/\/newphoxstudio.fr\/index.php\/portfolio-items\/tous-les-photos\/?portfolioCats=36\" aria-label=\"TOUTES LES PHOTOS\"><\/a>\n\t<\/div>\n<\/div>\n\n\t\n<\/div>\n<div class=\"fusion-portfolio-content\" style=\"background-color:rgba(33,35,38,1);\"><h2 class=\"entry-title fusion-post-title\"><a href=\"https:\/\/newphoxstudio.fr\/index.php\/portfolio-items\/tous-les-photos\/?portfolioCats=36\">TOUTES LES PHOTOS<\/a><\/h2><div class=\"fusion-post-content\"><\/div><\/div><\/div><\/article><\/div><\/div><div class=\"fusion-clearfix\"><\/div>\n\n\t\t\t\t\t<\/div>\n\t\t\t\t<\/div><\/div><\/div><\/p>\n","protected":false},"excerpt":{"rendered":"","protected":false},"author":1,"featured_media":0,"parent":0,"menu_order":0,"comment_status":"closed","ping_status":"closed","template":"100-width.php","meta":{"_bbp_topic_count":0,"_bbp_reply_count":0,"_bbp_total_topic_count":0,"_bbp_total_reply_count":0,"_bbp_voice_count":0,"_bbp_anonymous_reply_count":0,"_bbp_topic_count_hidden":0,"_bbp_reply_count_hidden":0,"_bbp_forum_subforum_count":0},"_links":{"self":[{"href":"https:\/\/newphoxstudio.fr\/index.php\/wp-json\/wp\/v2\/pages\/1024"}],"collection":[{"href":"https:\/\/newphoxstudio.fr\/index.php\/wp-json\/wp\/v2\/pages"}],"about":[{"href":"https:\/\/newphoxstudio.fr\/index.php\/wp-json\/wp\/v2\/types\/page"}],"author":[{"embeddable":true,"href":"https:\/\/newphoxstudio.fr\/index.php\/wp-json\/wp\/v2\/users\/1"}],"replies":[{"embeddable":true,"href":"https:\/\/newphoxstudio.fr\/index.php\/wp-json\/wp\/v2\/comments?post=1024"}],"version-history":[{"count":84,"href":"https:\/\/newphoxstudio.fr\/index.php\/wp-json\/wp\/v2\/pages\/1024\/revisions"}],"predecessor-version":[{"id":2086,"href":"https:\/\/newphoxstudio.fr\/index.php\/wp-json\/wp\/v2\/pages\/1024\/revisions\/2086"}],"wp:attachment":[{"href":"https:\/\/newphoxstudio.fr\/index.php\/wp-json\/wp\/v2\/media?parent=1024"}],"curies":[{"name":"wp","href":"https:\/\/api.w.org\/{rel}","templated":true}]}}